- 2*a + 13 - 9. Calculate g(3).
-4
Let y(p) be the first derivative of -p**3/3 + 3*p**2/2 + p + 8. Let x be 52/12 - (-2)/(-6). Calculate y(x).
-3
Let p(v) = 4*v**3 + 8*v**2 + 2*v + 8. Let t(m) = 5*m**3 + 9*m**2 + 3*m + 9. Let d(b) = -4*p(b) + 3*t(b). Calculate d(-5).
-10
Let h be 116/10 + (-2)/(-5). Suppose h = -3*j - j. Let i(o) = o**3 + 3*o**2 + 2*o + 4. Determine i(j).
-2
Let o(t) = -2*t + 2. Suppose k + 2*x = 4, -5*x + 0*x - 17 = -2*k. What is o(k)?
-10
Suppose 5 = l - 33. Suppose 0*b - 4*k + 14 = -b, 4*k = -3*b + l. Let c(v) = v**3 - 6*v**2 + 2*v - 9. What is c(b)?
3
Suppose -d = 4*d - 15. Suppose r + 5 = -y - 2, 0 = d*r + y + 11. Let s(f) = -f**3 - 3*f**2 - 2*f - 3. What is s(r)?
-3
Let c(i) be the first derivative of -i**3/3 + 2*i**2 + i - 14. What is c(3)?
4
Suppose -2*t = y - 0*t - 7, -4*y = 5*t - 13. Let f = -8 - y. Let n(w) = -w**3 - 5*w**2 - w - 2. Determine n(f).
3
Let k be (-5)/((-25)/48) + 126/(-210). Let m(r) = r**3 - 10*r**2 + 9*r + 1. Calculate m(k).
1
Let i(q) = q. Let j be 2 - 5 - (-3 - 6). Calculate i(j).
6
Let s(l) = l**3 + 5*l**2 + l + 1. Suppose -5*b - 3*h = 19, 5*b + 5*h + 6 + 9 = 0. What is s(b)?
-4
Let g(y) = -y + 7. Suppose -4*b = 2*u - 20, -2*b + 0*b + u = -14. Suppose -n + b - 2 = 0. Give g(n).
3
Suppose -3*m - 36 = -3*o, 3*m - 2*o + 20 = -13. Let g = m + 12. Let y(h) = h**2 - 2*h. Determine y(g).
3
Let v(w) be the first derivative of -w**4/2 - w**2/2 + w + 6. What is v(1)?
-2
Let o(u) = u**3 + 2*u**2 + u. Suppose 0*g + g = 2. Let p be (0 + 3 + 1)/g. Let y be 1*p*(-1)/1. What is o(y)?
-2
Let o(f) be the third derivative of -1/6*f**3 + 0*f - 2/15*f**5 + 0 + 7*f**2 + 1/12*f**4. Give o(1).
-7
Let t be 21*(-2)/18*-3. Let n(b) = -5*b**2 + 11*b + 7. Let z(m) = -6*m**2 + 12*m + 8. Let x(c) = t*n(c) - 6*z(c). Give x(-4).
-3
Let w be (2/(-3))/(2/(-6)). Let u(o) = 2*o - 2*o + o + o + 1. Give u(w).
5
Suppose s - 4 = -2. Let j(v) = 7*v**2 + 4*v**s + 3*v + 1 - 13*v**2. What is j(-2)?
-13
Let o(q) = 4 + 6*q**3 - 6*q**2 - 6*q - q**2 + q**2 - 5*q**3. Give o(7).
11
Let h(z) = z - 1. Let n(m) = m**2 - m + 8. Let y be n(0). Suppose -3*b = -5*c - y, -c = 3*b + 3*c + 28. Determine h(b).
-5
Let a be (-1*4 + 1)*-24. Let v(g) = 71 - 8*g + 2*g - a. Give v(1).
-7
Let h(y) = 3*y**2 - 5*y + 3. Let p = 30 - 27. Determine h(p).
15
Let d(k) = 2*k + 2. Let q be (-15 + 9)*9/(-1). Let n be (-2)/3*q/12. Determine d(n).
-4
Let t(v) = -87 + 44 + 6*v + 42. Give t(-2).
-13
Let u = 10 + -6. Suppose -r + k + 5 = 0, -k + 23 = 5*r - u*k. Let n(q) = 5*q - r + 2 - 3*q. Give n(3).
4
Let k = 115 + -110. Let a(o) = -o**2 + 7*o + 7. Calculate a(k).
17
Let v(y) be the second derivative of y**3/3 - y**2/2 - y. Let c be 5/(-2) + 1/2. Calculate v(c).
-5
Let j(u) = -u**2 - 7*u - 1. Let z be 4/(2/4 - (-3 - -4)). What is j(z)?
-9
Let o(s) = -s**3 - 10*s**2 - 10*s - 5. Let m = 3 - 12. Let b be o(m). Let y be 15*(1 - b/6). Let x(q) = q + 2. Give x(y).
7
Let o(q) be the first derivative of q**2/2 + 6*q - 1. Give o(-5).
1
Let x(i) = i + 1. Let p be (0 - 1)*(-2 + 3). Let c be x(p). Let w(l) = -l**2 - l + 6. Determine w(c).
6
Let q(r) be the third derivative of -r**6/120 + r**5/10 - 2*r**3/3 + 14*r**2. What is q(6)?
-4
Let g(c) = 1 - 5 - 6 - c**3. Determine g(0).
-10
Let j(k) = -2*k**2 - 2*k + 184 - 184. Determine j(-2).
-4
Let a(n) = -n**3 + 8*n**2 + 2*n - 6. Suppose l = d + 6, 0 = 4*d - 4 - 4. What is a(l)?
10
Let z(u) = u**3 - u**2 - u - 12. Let o(t) = -t**2 - t - 1. Let j(w) = -2*o(w) + z(w). Calculate j(0).
-10
Let h be 18/(-63) + (111/21 - -1). Let p(q) = -8*q - 23. Let y(d) = -3*d - 8. Let n(r) = 4*p(r) - 11*y(r). Calculate n(h).
2
Let o(r) = -2*r**2 - 4*r. Let h be o(-3). Suppose -8 = -4*x, 5*d = -9*x + 4*x + 30. Let a = h + d. Let q(b) = -3*b. Give q(a).
6
Let s(r) = r - 5. Let t be s(5). Let v(h) = h**2 + h - 5. Let l(z) = z**2 + z - 4. Let g(b) = 3*l(b) - 4*v(b). Give g(t).
8
Let a(j) be the third derivative of -j**8/1680 - j**7/2520 + j**4/8 + 3*j**2. Let x(v) be the second derivative of a(v). What is x(-1)?
3
Let d(j) = j**3 - 4*j**2 + 2*j - 4. Suppose -4*q = -20 + 4. Give d(q).
4
Let y(m) be the first derivative of -m**2/2 + m - 18. What is y(3)?
-2
Let w(f) = 2*f**3 + 3*f**2 + 6*f + 1. Let o(q) = -3*q**3 - 5*q**2 - 11*q - 2. Let h(c) = -3*o(c) - 5*w(c). Calculate h(-2).
3
Let g(s) be the second derivative of s**3/3 - 3*s**2 + 6*s. Determine g(7).
8
Let h(x) be the third derivative of x**5/60 + x**4/8 + x**3/6 + 3*x**2. Let m = 9 - 13. Calculate h(m).
5
Let p be 3*((-2)/(-6) - 0). Let v(y) = 0 + 9 - 4 + 5*y. Let n(d) = 5*d + 6. Let u(b) = -4*n(b) + 5*v(b). Calculate u(p).
6
Suppose 2*q = -3*q - 15. Let k(s) = 4*s**2 + 7*s - 2. Let j(r) = -7*r**2 - 13*r + 3. Let z(u) = 3*j(u) + 5*k(u). Calculate z(q).
2
Suppose -5*p + 2 = 27. Let j(n) = 3*n**3 - 8*n**2 + 7*n + 15. Let x(k) = -5*k**3 + 12*k**2 - 10*k - 23. Let i(d) = 8*j(d) + 5*x(d). What is i(p)?
0
Let t = 21 + -20. Let b(i) = -7*i + 6. Suppose 0 = -y - 3*d + 10, -4 = -5*y - 2*d + 7. Let v(h) = 1. Let f(j) = y*b(j) - 5*v(j). Determine f(t).
-6
Let b = 5 - 1. Let v = b - 2. Let i(x) = 3*x - v*x + 4*x**3 - 11*x**3. Give i(1).
-6
Suppose 5*z = -5, 6*f - 2*f = -5*z + 3. Suppose 2*y - 3*t + 7 = 2, y + 5 = f*t. Let j(o) = o + 4. What is j(y)?
9
Let b(i) = -i**2 - 3*i + 2. Let x be 6/(-8) - (-93)/12. Let m be (-12)/(-7) + 2/x. What is b(m)?
-8
Let j(l) = l**2 + 1. Let k(y) = -7*y**2 + 6*y - 9. Let x(i) = 6*j(i) + k(i). Let q be x(5). Let s(n) = -n - 2*n + 5*n**q - n**3 + n + n. What is s(5)?
-5
Let j(d) = d. Let u be (-6)/(-4)*90/(-27). Determine j(u).
-5
Let g(j) be the second derivative of 0 - 3*j**2 - 3*j - 1/6*j**3. Determine g(0).
-6
Suppose j + 4 = 3*j. Let t(q) = 1 - 6*q + j*q + q. What is t(-1)?
4
Let w be (-2948)/(-374) - (-2)/17. Let c(u) = -u**2 + 6*u + 8. Calculate c(w).
-8
Let n(l) = -l**2 - 5*l + 2. Let w(z) = z - 2. Let t(x) = 5*x - 10. Let d(o) = 4*t(o) - 22*w(o). Let m be d(4). Give n(m).
6
Let s = -4 + 3. Let h(l) = l**2 + l. Let x(u) = -u**3 + 7*u**2 + 7*u + 2. Let t(z) = s*x(z) + 6*h(z). Let b be -2 + (-7)/((-7)/4). Give t(b).
0
Suppose 3*k - 6*k - 2*f = -21, 0 = f - 3. Suppose -4*o - o - 10 = 0, -2*w + 2 = k*o. Let u(s) = w*s + 4*s + 1 - s. Determine u(-1).
-8
Suppose -2*v = 2*v - 3*i - 12, 4*i = 0. Let s(m) be the first derivative of -1/4*m**4 + 4/3*m**3 - 2 - m**2 - 2*m. Determine s(v).
1
Let f(r) = -r**2 - 5*r + 4. Let l(v) = -1. Let m(a) = -f(a) - 4*l(a). Calculate m(-6).
6
Suppose -59*g = -53*g - 12. Let b(h) be the third derivative of 0 - 1/60*h**5 - 2*h**g + 0*h + 1/8*h**4 + 1/2*h**3. Calculate b(-2).
-7
Let h(v) = 6*v + 5 - 5. Suppose -p + 4 = p. Let z(s) = -s + 3. Let o be z(p). Calculate h(o).
6
Let g = 8 + -6. Let t(b) = 3*b - b**2 - 2*b**g + b**3 - 1 - 1. Give t(2).
0
Suppose 4*l + 70 = -34. Let b = -10 - l. Suppose -4*o = 3*v + b, 4*o = -0*o - 16. Let x(g) = g**2. What is x(v)?
0
Let a(q) = -q**2 + 4*q + 7. Suppose m - 5 = -0*m. Let f be a(m). Let g(p) be the second derivative of p**3/2 + 18*p. Give g(f).
6
Let t(w) = 4*w. Let l(k) = 6*k - 3*k + 2*k. Let u(x) = -3*l(x) + 4*t(x). What is u(-2)?
-2
Let y(s) = -s**3 + 3*s**2 - 3*s + 1. Suppose 0 = -3*k - 5*n + 16, 4*k = -2*n + 7*n - 2. Give y(k).
-1
Let b(u) = 2*u**2 - u. Let r(g) = g. Let t(l) = l**3 - 6*l**2 - l + 8. Let p be t(6). Let m be r(p). Calculate b(m).
6
Let a be (-3)/(-12) - 22/(-8). Let c be (0 - (-6 + a)) + -2. Let g(b) = 3*b + 5. Let q(j) = -j - 1. Let y(h) = -g(h) - 4*q(h). Give y(c).
0
Suppose -2*o + 4*o - 26 = 0. Suppose -o = -l - 2*i, 3*l = -l + 3*i + 19. Let h(g) = -4*g + 6*g**2 + 11*g - 5*g**3 + 6*g**3 + l. Determine h(-5).
-3
Let z(m) = -2*m**2 + 3*m**2 + 5*m - 1 + m. Let k be 7/(28/(-8)) - 3. Give z(k).
-6
Suppose -43 = 4*n - 123. Let i = n - 38. Let v be -4*-3*3/i. Let q(k) = 3*k. Determine q(v).
-6
Suppose 0*m = 3*m. Let b be (-3 - m) + 1 + -2. Let a(v) be the third derivative of -v**5/60 - v**4/4 - v**3/6 - 2*v**2. Determine a(b).
7
Let c(g) = 3*g**2 + 3*g + 1. Suppose l + l = -3*i + 7, 4*l - 4*i = 4. Suppose -l*v = -2*m - 6, -2*v + 4*m = -17 + 1. Determine c(v).
7
Let h(w) = -8*w + 0*w + 5*w - 1. What is h(-3)?
8
Let l = -2 + 2. Let n(z) = -3 + 4*z**2 - 3*z**2 + z + 0*z**2 + l. Determine n(-3).
3
Let d be ((-34)/(-4) - 0)*-2. Let p(l) = -20*l**2 + 9*l - 17. Let s(z) = 7*z**2 - 3*z + 6. Suppose -t = 3 + 3. 